{"id":22,"date":"2023-12-05T14:36:30","date_gmt":"2023-12-05T14:36:30","guid":{"rendered":"https:\/\/napfrugger-willisau.webtheke.ch\/?page_id=22"},"modified":"2024-10-25T19:45:36","modified_gmt":"2024-10-25T19:45:36","slug":"medien","status":"publish","type":"page","link":"https:\/\/napfrugger-willisau.webtheke.ch\/index.php\/medien\/","title":{"rendered":"Highlights"},"content":{"rendered":"\n<div class=\"wp-block-group\"><div class=\"wp-block-group__inner-container is-layout-constrained wp-block-group-is-layout-constrained\">\n<p><strong>Eindr\u00fccke vom Kakojazz 2023 mit Peter Sch\u00e4rli Trio feat. Glenn Ferris<\/strong><\/p>\n\n\n<div id=\"yt-container\" class=\"ytpp-main\">\n        <a name=\"ytplayer\" class=\"f\"><iframe name=\"ytpl-frame\" id=\"ytpl-frame\" type=\"text\/html\" rel=\"UZ_OHUFdbXw\" src=\"https:\/\/www.youtube.com\/embed\/UZ_OHUFdbXw?rel=0&hd=1&version=3&iv_load_policy=3&showinfo=0&controls=1&origin=https:\/\/napfrugger-willisau.webtheke.ch\" width=\"560\" height=\"315\" loading=\"lazy\"><\/iframe><\/a>\n        <div id=\"ytpp-playlist-container\" class=\"ytpp-playlist-container\" data-playlist=\"UZ_OHUFdbXw,PwSWENKNd5Q,1bZX9jaQR8k,8nd844q3_qA,C-uWs7un-QE\"><div id=\"ytplayer_div2\"><\/div><\/div>\n    <\/div>\n\n\n\n<div style=\"height:50px\" aria-hidden=\"true\" class=\"wp-block-spacer\"><\/div>\n<\/div><\/div>\n\n\n\n<div class=\"wp-block-group\"><div class=\"wp-block-group__inner-container is-layout-constrained wp-block-group-is-layout-constrained\">\n<p><strong>SousiCam an der St\u00e4dtlifasnacht 2023<\/strong><\/p>\n\n\n\n<p>Falls du dich jemals gefragt hast, wie die Fasnacht der Napfrugger aus der Sicht unseres Sousafonisten Linus ungef\u00e4hr klingt und aussieht, bietet dir die &#8222;SousiCam&#8220; nun die Gelegenheit, die Eindr\u00fccke aus einer ganz neuen Perspektive zu erleben. Dieses Video verk\u00f6rpert sein Motto: <strong>Es brucht meh Bass!<\/strong><\/p>\n\n\n\n<div class=\"video-container\">\n<iframe loading=\"lazy\" width=\"560\" height=\"315\" src=\"https:\/\/www.youtube.com\/embed\/NECC6k0js_g?si=PF0Phiz9vPuDlr03\" title=\"YouTube video player\" frameborder=\"0\" allow=\"accelerometer; autoplay; clipboard-write; encrypted-media; gyroscope; picture-in-picture; web-share\" allowfullscreen class=\"video\"><\/iframe>\n<\/div>\n\n\n\n<div style=\"height:50px\" aria-hidden=\"true\" class=\"wp-block-spacer\"><\/div>\n<\/div><\/div>\n\n\n\n<div class=\"wp-block-group\"><div class=\"wp-block-group__inner-container is-layout-constrained wp-block-group-is-layout-constrained\">\n<p><strong>Hornerkalender 2021<\/strong><\/p>\n\n\n\n<p>W\u00e4hrend der Covid-19-Pandemie hat Hanni eine besondere Art von Fasnacht-Adventskalender erschaffen, um sich selbst und die Napfrugger an fr\u00f6hliche Zeiten zu erinnern. Sie hat Bild-, Video- und Tonmaterial liebevoll zusammengestellt und daraus eine wundervolle YouTube-Playlist kreiert.<\/p>\n\n\n\n<div class=\"wp-block-buttons is-content-justification-left is-layout-flex wp-container-core-buttons-is-layout-fdcfc74e wp-block-buttons-is-layout-flex\">\n<div class=\"wp-block-button\"><a class=\"wp-block-button__link wp-element-button\" href=\"https:\/\/www.youtube.com\/playlist?list=PLkRB0R-RJ9jcpFqRuRmgjF2NeuHE6hrXc\" target=\"_blank\" rel=\"noreferrer noopener\">YouTube-Playlist<\/a><\/div>\n<\/div>\n\n\n\n<div style=\"height:25px\" aria-hidden=\"true\" class=\"wp-block-spacer\"><\/div>\n\n\n\n<div class=\"video-container\">\n<iframe loading=\"lazy\" width=\"560\" height=\"315\" src=\"https:\/\/www.youtube.com\/embed\/videoseries?si=NbIeax4gR5qawgR6&#038;list=PLkRB0R-RJ9jcpFqRuRmgjF2NeuHE6hrXc\" title=\"YouTube video player\" frameborder=\"0\" allow=\"accelerometer; autoplay; clipboard-write; encrypted-media; gyroscope; picture-in-picture; web-share\" allowfullscreen class=\"video\"><\/iframe>\n<\/div>\n\n\n\n<div style=\"height:50px\" aria-hidden=\"true\" class=\"wp-block-spacer\"><\/div>\n<\/div><\/div>\n\n\n\n<div class=\"wp-block-group\"><div class=\"wp-block-group__inner-container is-layout-constrained wp-block-group-is-layout-constrained\">\n<p><strong>Gisela &#038; Ruedi Fasnachtsball 2020<\/strong><\/p>\n\n\n\n<div class=\"video-container\">\n<iframe loading=\"lazy\" width=\"560\" height=\"315\" src=\"https:\/\/www.youtube.com\/embed\/K2x4mLHdaUA?si=0mOeJkLojnopaQwd\" title=\"YouTube video player\" frameborder=\"0\" allow=\"accelerometer; autoplay; clipboard-write; encrypted-media; gyroscope; picture-in-picture; web-share\" referrerpolicy=\"strict-origin-when-cross-origin\" allowfullscreen><\/iframe>\n<\/div>\n\n\n\n<div style=\"height:50px\" aria-hidden=\"true\" class=\"wp-block-spacer\"><\/div>\n<\/div><\/div>\n\n\n\n<div class=\"wp-block-group\"><div class=\"wp-block-group__inner-container is-layout-constrained wp-block-group-is-layout-constrained\">\n<p><strong>St\u00e4dtlifasnacht 2019<\/strong><\/p>\n\n\n\n<div class=\"wp-block-columns is-layout-flex wp-container-core-columns-is-layout-9d6595d7 wp-block-columns-is-layout-flex\">\n<div class=\"wp-block-column is-layout-flow wp-block-column-is-layout-flow\">\n<div class=\"video-container\">\n<iframe loading=\"lazy\" width=\"560\" height=\"315\" src=\"https:\/\/www.youtube.com\/embed\/w_2HOtCFYaQ?si=Z9HHpbyA_PZzLbyh\" title=\"YouTube video player\" frameborder=\"0\" allow=\"accelerometer; autoplay; clipboard-write; encrypted-media; gyroscope; picture-in-picture; web-share\" referrerpolicy=\"strict-origin-when-cross-origin\" allowfullscreen><\/iframe>\n<\/div>\n<\/div>\n\n\n\n<div class=\"wp-block-column is-layout-flow wp-block-column-is-layout-flow\">\n<div class=\"video-container\">\n<iframe loading=\"lazy\" width=\"560\" height=\"315\" src=\"https:\/\/www.youtube.com\/embed\/50SpgM-f5ic?si=66tcgAnVGvhfAzVD\" title=\"YouTube video player\" frameborder=\"0\" allow=\"accelerometer; autoplay; clipboard-write; encrypted-media; gyroscope; picture-in-picture; web-share\" referrerpolicy=\"strict-origin-when-cross-origin\" allowfullscreen><\/iframe>\n<\/div>\n<\/div>\n<\/div>\n\n\n\n<div style=\"height:50px\" aria-hidden=\"true\" class=\"wp-block-spacer\"><\/div>\n<\/div><\/div>\n\n\n\n<div class=\"wp-block-group\"><div class=\"wp-block-group__inner-container is-layout-constrained wp-block-group-is-layout-constrained\">\n<p><strong>Highlights 40 Jahre Jubi\u00e4lum 2001<\/strong><\/p>\n\n\n\n<div class=\"video-container\">\n<iframe loading=\"lazy\" width=\"560\" height=\"315\" src=\"https:\/\/www.youtube.com\/embed\/ZwELrFfq9ho?si=5iCT74ry7M2tirxw\" title=\"YouTube video player\" frameborder=\"0\" allow=\"accelerometer; autoplay; clipboard-write; encrypted-media; gyroscope; picture-in-picture; web-share\" referrerpolicy=\"strict-origin-when-cross-origin\" allowfullscreen><\/iframe>\n<\/div>\n\n\n\n<div style=\"height:50px\" aria-hidden=\"true\" class=\"wp-block-spacer\"><\/div>\n<\/div><\/div>\n\n\n\n<div class=\"wp-block-group\"><div class=\"wp-block-group__inner-container is-layout-constrained wp-block-group-is-layout-constrained\">\n<div class=\"wp-block-group\"><div class=\"wp-block-group__inner-container is-layout-constrained wp-block-group-is-layout-constrained\">\n<div class=\"wp-block-group\"><div class=\"wp-block-group__inner-container is-layout-constrained wp-block-group-is-layout-constrained\">\n<p><strong>Kakojazz mit Albin Brun Alpin Ensemble 2016<\/strong><\/p>\n\n\n\n<div class=\"wp-block-columns is-layout-flex wp-container-core-columns-is-layout-9d6595d7 wp-block-columns-is-layout-flex\">\n<div class=\"wp-block-column is-layout-flow wp-block-column-is-layout-flow\">\n<p>Phantom der Oper<\/p>\n\n\n\n<figure class=\"wp-block-audio\"><audio controls src=\"https:\/\/napfrugger-willisau.webtheke.ch\/wp-content\/uploads\/2024\/10\/1-Phantom-der-Oper-2_56.wav\"><\/audio><\/figure>\n<\/div>\n\n\n\n<div class=\"wp-block-column is-layout-flow wp-block-column-is-layout-flow\">\n<p>My Indian Red<\/p>\n\n\n\n<figure class=\"wp-block-audio\"><audio controls src=\"https:\/\/napfrugger-willisau.webtheke.ch\/wp-content\/uploads\/2024\/10\/2-My-Indian-Red-4_20.wav\"><\/audio><\/figure>\n<\/div>\n\n\n\n<div class=\"wp-block-column is-layout-flow wp-block-column-is-layout-flow\">\n<p>Minnie the Moocher<\/p>\n\n\n\n<figure class=\"wp-block-audio\"><audio controls src=\"https:\/\/napfrugger-willisau.webtheke.ch\/wp-content\/uploads\/2024\/10\/4-Minnie-the-Moocher-4_06.wav\"><\/audio><\/figure>\n<\/div>\n<\/div>\n\n\n<div class=\"wp-block-image\">\n<figure class=\"aligncenter size-large\"><img loading=\"lazy\" decoding=\"async\" width=\"1024\" height=\"276\" src=\"https:\/\/napfrugger-willisau.webtheke.ch\/wp-content\/uploads\/2024\/10\/Kako-Tutti-lang-1024x276.jpg\" alt=\"\" class=\"wp-image-2595\" srcset=\"https:\/\/napfrugger-willisau.webtheke.ch\/wp-content\/uploads\/2024\/10\/Kako-Tutti-lang-1024x276.jpg 1024w, https:\/\/napfrugger-willisau.webtheke.ch\/wp-content\/uploads\/2024\/10\/Kako-Tutti-lang-300x81.jpg 300w, https:\/\/napfrugger-willisau.webtheke.ch\/wp-content\/uploads\/2024\/10\/Kako-Tutti-lang-768x207.jpg 768w, https:\/\/napfrugger-willisau.webtheke.ch\/wp-content\/uploads\/2024\/10\/Kako-Tutti-lang-1536x414.jpg 1536w, https:\/\/napfrugger-willisau.webtheke.ch\/wp-content\/uploads\/2024\/10\/Kako-Tutti-lang-2048x553.jpg 2048w\" sizes=\"auto, (max-width: 1024px) 100vw, 1024px\" \/><\/figure>\n<\/div><\/div><\/div>\n\n\n\n<div style=\"height:50px\" aria-hidden=\"true\" class=\"wp-block-spacer\"><\/div>\n<\/div><\/div>\n<\/div><\/div>\n\n\n\n<div class=\"wp-block-group\"><div class=\"wp-block-group__inner-container is-layout-constrained wp-block-group-is-layout-constrained\">\n<div class=\"wp-block-group\"><div class=\"wp-block-group__inner-container is-layout-constrained wp-block-group-is-layout-constrained\">\n<p><strong>Kakojazz mit Ray Anderson 2011<\/strong><\/p>\n\n\n\n<div class=\"wp-block-columns is-layout-flex wp-container-core-columns-is-layout-9d6595d7 wp-block-columns-is-layout-flex\">\n<div class=\"wp-block-column is-layout-flow wp-block-column-is-layout-flow\">\n<p>Girls Girls Girls<\/p>\n\n\n\n<figure class=\"wp-block-audio\"><audio controls src=\"https:\/\/napfrugger-willisau.webtheke.ch\/wp-content\/uploads\/2024\/10\/04-Girls.mp3\"><\/audio><\/figure>\n<\/div>\n\n\n\n<div class=\"wp-block-column is-layout-flow wp-block-column-is-layout-flow\">\n<p>Como me Pongo<\/p>\n\n\n\n<figure class=\"wp-block-audio\"><audio controls src=\"https:\/\/napfrugger-willisau.webtheke.ch\/wp-content\/uploads\/2024\/10\/09-Como-me-pongo-lang.mp3\"><\/audio><\/figure>\n<\/div>\n\n\n\n<div class=\"wp-block-column is-layout-flow wp-block-column-is-layout-flow\">\n<p>Blue Napfn Roll<\/p>\n\n\n\n<figure class=\"wp-block-audio\"><audio controls src=\"https:\/\/napfrugger-willisau.webtheke.ch\/wp-content\/uploads\/2024\/10\/07-Blue-Napfn-Roll.mp3\"><\/audio><\/figure>\n<\/div>\n<\/div>\n\n\n<div class=\"wp-block-image\">\n<figure class=\"aligncenter size-large\"><img loading=\"lazy\" decoding=\"async\" width=\"1024\" height=\"404\" src=\"https:\/\/napfrugger-willisau.webtheke.ch\/wp-content\/uploads\/2024\/10\/0102-scaled-e1729845413328-1024x404.jpg\" alt=\"\" class=\"wp-image-2596\" srcset=\"https:\/\/napfrugger-willisau.webtheke.ch\/wp-content\/uploads\/2024\/10\/0102-scaled-e1729845413328-1024x404.jpg 1024w, https:\/\/napfrugger-willisau.webtheke.ch\/wp-content\/uploads\/2024\/10\/0102-scaled-e1729845413328-300x118.jpg 300w, https:\/\/napfrugger-willisau.webtheke.ch\/wp-content\/uploads\/2024\/10\/0102-scaled-e1729845413328-768x303.jpg 768w, https:\/\/napfrugger-willisau.webtheke.ch\/wp-content\/uploads\/2024\/10\/0102-scaled-e1729845413328-1536x607.jpg 1536w, https:\/\/napfrugger-willisau.webtheke.ch\/wp-content\/uploads\/2024\/10\/0102-scaled-e1729845413328-2048x809.jpg 2048w\" sizes=\"auto, (max-width: 1024px) 100vw, 1024px\" \/><\/figure>\n<\/div><\/div><\/div>\n\n\n\n<div style=\"height:50px\" aria-hidden=\"true\" class=\"wp-block-spacer\"><\/div>\n<\/div><\/div>\n\n\n\n<div class=\"wp-block-group\"><div class=\"wp-block-group__inner-container is-layout-constrained wp-block-group-is-layout-constrained\">\n<p><strong>Kakojazz mit Gianluigi Trovesi \/ Gianni Coscia 2006<\/strong><\/p>\n\n\n\n<div class=\"wp-block-columns is-layout-flex wp-container-core-columns-is-layout-9d6595d7 wp-block-columns-is-layout-flex\">\n<div class=\"wp-block-column is-layout-flow wp-block-column-is-layout-flow\">\n<p>Papa&#8217;s Got A Brand New Bag<\/p>\n\n\n\n<figure class=\"wp-block-audio\"><audio controls src=\"https:\/\/napfrugger-willisau.webtheke.ch\/wp-content\/uploads\/2024\/10\/PAPASGOTABRANDNEWBAG.wav\"><\/audio><\/figure>\n<\/div>\n\n\n\n<div class=\"wp-block-column is-layout-flow wp-block-column-is-layout-flow\">\n<p>Honky Tonk Women<\/p>\n\n\n\n<figure class=\"wp-block-audio\"><audio controls src=\"https:\/\/napfrugger-willisau.webtheke.ch\/wp-content\/uploads\/2024\/10\/HONKEYTONKWOMAN.wav\"><\/audio><\/figure>\n<\/div>\n\n\n\n<div class=\"wp-block-column is-layout-flow wp-block-column-is-layout-flow\">\n<p>Down Yonder<\/p>\n\n\n\n<figure class=\"wp-block-audio\"><audio controls src=\"https:\/\/napfrugger-willisau.webtheke.ch\/wp-content\/uploads\/2024\/10\/DOWNYONDER.wav\"><\/audio><\/figure>\n<\/div>\n<\/div>\n\n\n<div class=\"wp-block-image\">\n<figure class=\"aligncenter size-large\"><img loading=\"lazy\" decoding=\"async\" width=\"1024\" height=\"424\" src=\"https:\/\/napfrugger-willisau.webtheke.ch\/wp-content\/uploads\/2024\/10\/Kakojazz-Trovesi-Coscia-e1729845562511-1024x424.jpg\" alt=\"\" class=\"wp-image-2597\" srcset=\"https:\/\/napfrugger-willisau.webtheke.ch\/wp-content\/uploads\/2024\/10\/Kakojazz-Trovesi-Coscia-e1729845562511-1024x424.jpg 1024w, https:\/\/napfrugger-willisau.webtheke.ch\/wp-content\/uploads\/2024\/10\/Kakojazz-Trovesi-Coscia-e1729845562511-300x124.jpg 300w, https:\/\/napfrugger-willisau.webtheke.ch\/wp-content\/uploads\/2024\/10\/Kakojazz-Trovesi-Coscia-e1729845562511-768x318.jpg 768w, https:\/\/napfrugger-willisau.webtheke.ch\/wp-content\/uploads\/2024\/10\/Kakojazz-Trovesi-Coscia-e1729845562511.jpg 1156w\" sizes=\"auto, (max-width: 1024px) 100vw, 1024px\" \/><\/figure>\n<\/div>\n\n\n<div style=\"height:50px\" aria-hidden=\"true\" class=\"wp-block-spacer\"><\/div>\n<\/div><\/div>\n\n\n\n<p><\/p>\n","protected":false},"excerpt":{"rendered":"<p>Eindr\u00fccke vom Kakojazz 2023 mit Peter Sch\u00e4rli Trio feat. Glenn Ferris SousiCam an der St\u00e4dtlifasnacht 2023 Falls du dich jemals gefragt hast, wie die Fasnacht der Napfrugger aus der Sicht unseres Sousafonisten Linus ungef\u00e4hr klingt und aussieht, bietet dir die &#8222;SousiCam&#8220; nun die Gelegenheit, die Eindr\u00fccke aus einer ganz neuen Perspektive zu erleben. Dieses Video [&hellip;]<\/p>\n","protected":false},"author":1,"featured_media":0,"parent":0,"menu_order":0,"comment_status":"closed","ping_status":"closed","template":"","meta":{"_uag_custom_page_level_css":"","footnotes":""},"class_list":["post-22","page","type-page","status-publish","hentry"],"uagb_featured_image_src":{"full":false,"thumbnail":false,"medium":false,"medium_large":false,"large":false,"1536x1536":false,"2048x2048":false,"blog-large":false,"blog-small":false,"event-list":false,"custom-gallery-small":false},"uagb_author_info":{"display_name":"admin","author_link":"https:\/\/napfrugger-willisau.webtheke.ch\/index.php\/author\/jonast\/"},"uagb_comment_info":0,"uagb_excerpt":"Eindr\u00fccke vom Kakojazz 2023 mit Peter Sch\u00e4rli Trio feat. Glenn Ferris SousiCam an der St\u00e4dtlifasnacht 2023 Falls du dich jemals gefragt hast, wie die Fasnacht der Napfrugger aus der Sicht unseres Sousafonisten Linus ungef\u00e4hr klingt und aussieht, bietet dir die &#8222;SousiCam&#8220; nun die Gelegenheit, die Eindr\u00fccke aus einer ganz neuen Perspektive zu erleben. Dieses Video&hellip;","_links":{"self":[{"href":"https:\/\/napfrugger-willisau.webtheke.ch\/index.php\/wp-json\/wp\/v2\/pages\/22","targetHints":{"allow":["GET"]}}],"collection":[{"href":"https:\/\/napfrugger-willisau.webtheke.ch\/index.php\/wp-json\/wp\/v2\/pages"}],"about":[{"href":"https:\/\/napfrugger-willisau.webtheke.ch\/index.php\/wp-json\/wp\/v2\/types\/page"}],"author":[{"embeddable":true,"href":"https:\/\/napfrugger-willisau.webtheke.ch\/index.php\/wp-json\/wp\/v2\/users\/1"}],"replies":[{"embeddable":true,"href":"https:\/\/napfrugger-willisau.webtheke.ch\/index.php\/wp-json\/wp\/v2\/comments?post=22"}],"version-history":[{"count":70,"href":"https:\/\/napfrugger-willisau.webtheke.ch\/index.php\/wp-json\/wp\/v2\/pages\/22\/revisions"}],"predecessor-version":[{"id":2602,"href":"https:\/\/napfrugger-willisau.webtheke.ch\/index.php\/wp-json\/wp\/v2\/pages\/22\/revisions\/2602"}],"wp:attachment":[{"href":"https:\/\/napfrugger-willisau.webtheke.ch\/index.php\/wp-json\/wp\/v2\/media?parent=22"}],"curies":[{"name":"wp","href":"https:\/\/api.w.org\/{rel}","templated":true}]}}